s 90274603 a composite number?
False
Is 6539077 a composite number?
False
Is 777522821 composite?
False
Is 938921 composite?
False
Is 545465545 a prime number?
False
Is 309901 prime?
False
Is 63769679 composite?
False
Is 34636727 composite?
False
Is 85069 composite?
True
Is 53649829 a prime number?
True
Is 28125839 a prime number?
False
Is 107758931 composite?
True
Is 217957 a composite number?
True
Is 16768603 a composite number?
False
Is 13512131 a prime number?
True
Is 2715331 a composite number?
True
Is 2422573 a composite number?
True
Is 7604993 a prime number?
False
Is 8413373 a composite number?
False
Is 255800879 a composite number?
False
Is 38564587 prime?
False
Is 8398067 a prime number?
True
Is 254554045 composite?
True
Is 246317 a prime number?
True
Is 57200867 prime?
True
Is 720987431 composite?
False
Is 31915601 a prime number?
False
Is 2362177 a composite number?
True
Is 59905787 a prime number?
False
Is 41814479 composite?
True
Is 3587222 composite?
True
Is 10680169 composite?
False
Is 4537151 prime?
True
Is 1450133 a prime number?
False
Is 240067 a prime number?
False
Is 43465181 composite?
False
Is 30726077 a prime number?
False
Is 662531 a composite number?
False
Is 11399761 a prime number?
True
Is 456023765 composite?
True
Is 28447397 prime?
False
Is 311412659 prime?
True
Is 82696657 a prime number?
True
Is 3741431 a composite number?
False
Is 3777539 composite?
False
Is 803291 a composite number?
True
Is 19049747 a prime number?
False
Is 104292809 composite?
False
Is 2410813 composite?
False
Is 31560179 a composite number?
True
Is 1767203 composite?
False
Is 57586021 a composite number?
True
Is 235166987 prime?
False
Is 106008557 a prime number?
True
Is 3393311 composite?
False
Is 1712467 prime?
True
Is 9097861 a composite number?
False
Is 5024281 composite?
True
Is 2440111 composite?
False
Is 2384363 prime?
True
Is 135180118 a composite number?
True
Is 9356279 composite?
True
Is 12547217 a composite number?
True
Is 62158847 composite?
False
Is 924064799 prime?
False
Is 14976917 composite?
False
Is 4560089 a composite number?
True
Is 9034873 composite?
True
Is 3167159 prime?
False
Is 125704313 a composite number?
True
Is 111173521 prime?
True
Is 781477 composite?
True
Is 6676861 a composite number?
False
Is 3124049 composite?
True
Is 7893007 a composite number?
False
Is 372677 a prime number?
True
Is 343856077 a prime number?
True
Is 75855521 a composite number?
True
Is 30923899 prime?
True
Is 293742151 a prime number?
False
Is 1235331731 composite?
False
Is 143662081 a prime number?
True
Is 7490566 a prime number?
False
Is 3558979 a composite number?
False
Is 636839 prime?
False
Is 15671627 prime?
True
Is 26868197 prime?
True
Is 264763679 composite?
False
Is 1204307 a composite number?
True
Is 175275527 prime?
False
Is 3212841 prime?
False
Is 72210821 prime?
True
Is 22374421 a prime number?
True
Is 26643263 prime?
False
Is 2826773 a prime number?
True
Is 36776101 a composite number?
True
Is 60572167 a composite number?
False
Is 1461179 a prime number?
True
Is 543411139 a composite number?
False
Is 116723 a composite number?
True
Is 80309 a composite number?
False
Is 1050713 prime?
True
Is 2425337 a composite number?
False
Is 17231491 prime?
True
Is 12354773 prime?
True
Is 26332421 prime?
False
Is 15585793 composite?
False
Is 3567457 composite?
False
Is 63943447 prime?
True
Is 2075077 a composite number?
False
Is 193279 a prime number?
False
Is 5804191 a prime number?
False
Is 738053 prime?
True
Is 22925291 a composite number?
False
Is 3319229 composite?
False
Is 3657431 a prime number?
False
Is 4197113 a prime number?
False
Is 4747363 a prime number?
False
Is 4224763 a prime number?
False
Is 42209971 a prime number?
True
Is 1138477 a prime number?
False
Is 1232551 prime?
False
Is 4224983 a prime number?
False
Is 1662601 composite?
True
Is 41642031 a composite number?
True
Is 9064849 composite?
True
Is 2277259 prime?
True
Is 38031659 composite?
False
Is 14480009 a composite number?
False
Is 5052507 prime?
False
Is 21341 a prime number?
True
Is 68155265 a prime number?
False
Is 23013463 composite?
True
Is 4498513 prime?
True
Is 13333133 a prime number?
False
Is 769787 a composite number?
True
Is 36245189 a prime number?
False
Is 628522131 a composite number?
True
Is 362279 a composite number?
True
Is 212952959 composite?
False
Is 6688639 prime?
True
Is 139004219 a prime number?
True
Is 26683297 a prime number?
True
Is 22006327 a composite number?
True
Is 602814941 prime?
True
Is 7336267 composite?
False
Is 30889841 a composite number?
False
Is 23218397 a composite number?
False
Is 1287413 composite?
True
Is 3387667 composite?
True
Is 117254099 composite?
False
Is 33285919 a composite number?
False
Is 1555199 prime?
True
Is 449245001 a prime number?
False
Is 395354 a composite number?
True
Is 236173 a prime number?
False
Is 47197307 composite?
True
Is 23084741 a prime number?
True
Is 135751801 composite?
True
Is 579497 composite?
False
Is 183006757 a prime number?
True
Is 1593643 a prime number?
True
Is 12338273 composite?
False
Is 1884713 prime?
True
Is 479891 a prime number?
True
Is 1392359 a composite number?
True
Is 1377455 composite?
True
Is 12532669 prime?
False
Is 311264717 a prime number?
False
Is 60558881 prime?
True
Is 612923 a composite number?
False
Is 5320474 a composite number?
True
Is 118991083 composite?
False
Is 3586997 prime?
True
Is 24079271 prime?
True
Is 3836359 composite?
False
Is 3662291 a composite number?
True
Is 28356329 a prime number?
True
Is 74517301 prime?
True
Is 45916277 a prime number?
False
Is 7481821 prime?
False
Is 408488027 a prime number?
False
Is 66844997 composite?
True
Is 3813959 a composite number?
False
Is 211693921 a composite number?
True
Is 2155003 a prime number?
True
Is 18027169 prime?
True
Is 3845251 composite?
False
Is 19874941 a prime number?
False
Is 15402817 a composite number?
False
Is 224663843 prime?
False
Is 42241 a prime number?
False
Is 26015833 a prime number?
True
Is 1047021 a prime number?
False
Is 389357 composite?
False
Is 1585093 a composite number?
False
Is 384107 a prime number?
True
Is 87514457 a composite number?
True
Is 427307 a composite number?
False
Is 8691278 a composite number?
True
Is 262181 prime?
False
Is 72375623 a composite number?
False
Is 2708417 a prime number?
True
Is 28111219 a prime number?
True
Is 10237837 a prime number?
False
Is 34360181 a composite number?
True
Is 35584813 composite?
True
Is 291445703 composite?
False
Is 6700387 a prime number?
True
Is 1296797 a composite number?
True
Is 34504819 a prime number?
False
Is 445166243 prime?
True
Is 1047627993 composite?
True
Is 41222119 composite?
False
Is 832579903 a prime number?
False
Is 1510337 prime?
True
Is 74601013 prime?
False
Is 1744927 a prime number?
True
Is 1648506543 a prime number?
False
Is 138678427 composite?
True
Is 36098061 composite?
True
Is 3760493 a composite number?
True
Is 7443463 prime?
True
Is 3684227 a composite number?
True
Is 377106838 composite?
True
Is 412954491 a composite number?
True
Is 1161607 composite?
True
Is 2234281 composite?
True
Is 25857973 a composite number?
True
Is 690281 composite?
False
Is 991847 a composite number?
True
Is 13724297 a composite number?
True
Is 23255 a prime number?
False
Is 3162443 a composite number?
False
Is 1663417 a composite number?
True
Is 1106593 a composite number?
False
Is 332135449 a prime number?
True
Is 10745081 prime?
True
Is 22328143 composite?
False
Is 597853 composite?
False
Is 583066673 composite?
True
Is 131523499 a composite number?
True
Is 3743237 composite?
False
Is 101011123 prime?
False
Is 32885621 prime?
True
Is 43486939 a prime number?
True
Is 100845911 prime?
True
Is 79440703 composite?
False
Is 1265519 prime?
True
Is 23386843 a composite number?
False
Is 35624987 prime?
True
Is 12004081 prime?
False
Is 6624589 prime?
True
Is 353713 a composite number?
True
Is 8803117 composite?
True
Is 65480777 composite?
False
Is 183661 prime?
True
Is 10931135 prime?
False
Is 77915773 a prime number?
False
Is 162676739 a prime number?
False
Is 167259979 a prime number?
False
Is 188041551 composite?
True
Is 5867003 composite?
False
Is 1916657 a prime number?
False
Is 5864137 composite?
True
Is 24365093 prime?
Tru